 50239 = -3*h - 335*u. What is the ten thousands digit of h?
1
Let x be (-13 - -12)/((-1)/5). Suppose 5*s - 4*q + x = 0, 0*s + 3*s + 40 = -5*q. What is the hundreds digit of 2640/25 + 3/s?
1
Suppose 6*z - 1725 = 627. Let f = z - -485. What is the tens digit of f?
7
Let b = 103 - -13. Let k = -80 + b. Suppose r + 5*n - 24 = 0, -3*r - n + k = 2*n. What is the units digit of r?
9
Suppose 8599126 - 7088992 = 692*o - 23990758. What is the hundreds digit of o?
8
Let n(v) = 129*v**2 + 304*v**2 + 167*v**2 - 24*v - 24 - 173*v**2. What is the units digit of n(-1)?
7
Let r(v) = 8*v**3 - 5*v**2 + 13*v + 22. Let a be r(5). Let h = a + -322. What is the hundreds digit of h?
6
Let i be 0 - 30/(-15)*1/2. Let c(u) = 13*u**3 - u**2 + 2*u - 2. Let g(d) = -d**3 - 1. Let o(x) = i*c(x) + 4*g(x). What is the units digit of o(2)?
6
Suppose -24*g + 54771 = -79437. Suppose -18*s + 22*s - n = g, -5*s + 5*n + 7005 = 0. What is the tens digit of s?
9
Let c(w) = 2*w**3 - 43*w**2 + 53*w - 139. What is the hundreds digit of c(31)?
7
Suppose 9*u - 15913 = 22463. What is the units digit of u?
4
Let m(h) be the third derivative of -101*h**4/24 - 97*h**3/3 - 7*h**2 - 21. What is the tens digit of m(-13)?
1
Suppose -22*x + 60144 = -12940. Suppose 5*u - 10*u + 3*p + 3314 = 0, 0 = 5*u + p - x. What is the hundreds digit of u?
6
Suppose 7*w + 181*w - 3984848 = 0. What is the thousands digit of w?
1
Let k be 240/(-560) - ((-62)/7)/2. Let j be 643/2 - (-2)/4. Suppose -q - 2*v + 416 = k*q, -4*q = -2*v - j. What is the tens digit of q?
8
Let i(k) = k. Let y(h) = -h**3 - 23*h**2 - 36. Let r(v) = -6*i(v) + y(v). Let a(n) = n**3 - 13*n**2 + 9*n + 13. Let q be a(12). What is the units digit of r(q)?
2
Suppose 0 = -5*h - 5*q - 25, 2*q = -5*h - 2*q - 24. Let s be (-3)/(-30)*h - 17/(-5). What is the units digit of (146/(-6))/((-1)/s)?
3
Suppose 3*i = 5*f - 27011, 2*i - 3627 - 7203 = -2*f. What is the hundreds digit of f?
4
Suppose 4*a = -2*u + 25402, 1994*u - 1995*u + 12680 = -5*a. What is the ten thousands digit of u?
1
Suppose 5*c + 20 = -5. Let g(n) = 194*n**3 - 7*n - 395*n**3 + 202*n**3 + 5*n**2 - 7. What is the units digit of g(c)?
8
Let k(y) = 991*y**3 - 11*y**2 + 36*y + 25. Let g(l) = 496*l**3 - 5*l**2 + 17*l + 12. Let w(v) = -13*g(v) + 6*k(v). What is the units digit of w(-1)?
0
Let o be 0 - 6*(-95)/(-10). Let y = o - -60. Suppose 13 = 3*s - 3*z - 188, 219 = y*s + 3*z. What is the units digit of s?
0
Let c(o) = 9*o**2 - 7*o. Let l(g) = -7*g**3 - g**2 - g - 1. Let j be l(-1). Let d be c(j). Let q = d - 158. What is the hundreds digit of q?
1
Suppose -2*f + 16 + 218 = -5*v, 4*v = 2*f - 230. Let i = 126 - 79. Let n = f - i. What is the units digit of n?
0
Let r(a) = a**2 + 38*a + 35. Let s be r(-35). What is the tens digit of (-44640)/s + (-6)/(-21)?
3
What is the hundreds digit of -2*((-3233)/1 + (-35)/(-5))?
4
Let q(p) = 2*p**3 - 57*p**2 + 56*p + 47. What is the hundreds digit of q(31)?
5
Suppose 5*h - 4623 = 4377. Suppose 0 = -4*a + 3*f - 8*f + 1800, -4*a + f + h = 0. Suppose 2*t + d - 183 = -0*t, d - a = -5*t. What is the tens digit of t?
8
Let a = -887 - -569. Let f = a - -714. What is the tens digit of f?
9
Let x = 47 - 35. Let b(h) = -h**3 + 13*h**2 - 13*h + 13. Let q be b(x). What is the tens digit of (q - 2)*(1 + -4*21)?
8
Let b(w) = 2*w**2 - 39*w + 114. Let q be b(23). Let o = 450 + q. What is the tens digit of o?
2
What is the hundreds digit of (6*50/(-42) - -8) + (-19804)/(-7)?
8
Let u = -20 - -33. Let f = 16 - u. Suppose -2*s + 380 = f*s. What is the tens digit of s?
7
Suppose -41885 = 820*r - 825*r. What is the thousands digit of r?
8
Let u = -43 + 47. Suppose -u*q = k - 0*k - 2, -3*k + 6 = -3*q. What is the tens digit of 3 + -1 - (-31 + (q - 1))?
3
Let j = 104 - 5. Let a = 102 - j. Suppose 3*w = 5*z + 296, -a*w - 3*z = z - 287. What is the units digit of w?
7
Suppose 0 = -3*i - 5 - 4, 5*y - 5*i - 27850 = 0. What is the hundreds digit of y?
5
Suppose -3*y - 158 = -4*s + 2, -2*y + 4*s = 100. Let o = y - -70. Suppose -o*x + 816 = -644. What is the tens digit of x?
4
Let o(j) = 220*j + 36. Let f be o(28). What is the units digit of f/20 + (3 - 4)/(-5)?
0
Let v(m) = 2*m**2 + 5*m - 5. Let q be (-48)/(-3) + (4 - 4). Suppose 3*z = 7*z + q. What is the units digit of v(z)?
7
Suppose 0 = -2*s + 6*s - 864. Suppose 3*x = -4*j - 2 + 191, -3*x + s = -5*j. What is the tens digit of x?
6
Suppose 0 = -2*d + 15 - 5. Suppose -3*k = w + 85 - 225, -d*w = -k - 780. What is the units digit of w?
5
Let z(y) = y**3 + 6*y**2 - 4*y - 16. Let p be z(-6). Suppose 0 = -3*k + l + p + 6, 4*k + 3*l = 36. What is the tens digit of (k/(-1))/(3/(-33))?
6
Suppose 17*j - 499 + 1808 = 0. Let s = j - -373. What is the units digit of s?
6
Let v be (-6)/27 + 21560/63. Suppose 1319 = 3*z - 3*f - 2*f, -4*f + 1310 = 3*z. Suppose -2*x + v = 2*x - 5*y, 5*x - z = y. What is the units digit of x?
8
Let k = 26110 + 16548. What is the hundreds digit of k?
6
Suppose 2*u + 2*c = 37150, 31 = 5*c + 6. What is the units digit of u?
0
What is the tens digit of (15/10 + -1)/((-4)/(-48280))?
3
Let v = 9770 - 4309. What is the thousands digit of v?
5
Let i(p) = -15*p + 8. Let q be i(4). Let h = q + 42. What is the hundreds digit of (h/20 - 205/(-2)) + 2?
1
Let r(u) = 356*u**2 + 126*u - 244. What is the tens digit of r(2)?
3
Let d(g) = 22*g**2 + 1609*g + 4. What is the ten thousands digit of d(-86)?
2
Suppose -24*g + 605757 = -255843. What is the ten thousands digit of g?
3
What is the hundreds digit of ((-4980)/9 + (-56)/84)/(2/(-34))?
4
Let t(m) = m**3 - 8*m**2 + 9*m. Let n be t(7). Suppose 15*u - 443 = n*u. Suppose -5*b = 83 - u. What is the tens digit of b?
7
Let r be (-49)/(-14)*(-8)/(-14). Suppose -u - 52 = 2*i - 3*u, 0 = 4*i - r*u + 94. What is the units digit of 26/(-6*1/i)?
1
Let w(s) = s**2 - s - 7. Let q be w(4). Let k(t) = -2*t**2 - t + 23. Let u be k(q). What is the units digit of 1050/16 - 12/u?
6
Let p(o) = -o**3 - 2*o**2 + o - 5. Let m be p(-3). Let n be 40/5 - (2 - m). What is the units digit of (-6)/(((-14)/27)/n)?
1
Let d be (-1890)/(-36) + (-2)/4. Suppose -396 - d = -y. What is the hundreds digit of y?
4
Suppose -4*h + 43*w + 148769 = 38*w, 2*h = 5*w + 74387. What is the thousands digit of h?
7
Suppose -8*i + 6480 = 4*i. Let f = -799 + i. Let w = f + 508. What is the tens digit of w?
4
Let i(y) = 329*y**2. Let b be i(-1). Let h = b - -86. What is the hundreds digit of h?
4
Let v(d) = 68*d**2 - 725*d + 18. What is the hundreds digit of v(11)?
2
Suppose 34*x - 32*x = 7852 + 11976. What is the tens digit of x?
1
Let v be (26976/(-220) - (-14)/(-77))*-5. Let a = v - -570. What is the tens digit of a?
8
Let o(n) be the third derivative of -n**6/40 - 3*n**5/20 + 2*n**4/3 - 13*n**3/6 + 3*n**2. Let y be o(-8). Suppose 98 = 7*i - y. What is the hundreds digit of i?
1
Let q be (-6)/9*(4 - (6 + -5)). Let b(w) = 141*w + 16. Let c(z) = 211*z + 24. Let v(o) = 7*b(o) - 5*c(o). What is the hundreds digit of v(q)?
1
Suppose -5*d + 3*a + 38210 = -2099, 0 = d + 2*a - 8067. What is the units digit of d?
3
Suppose -673558 = -6*u - 5*u - 164093. What is the hundreds digit of u?
3
Let a be 4/14 + ((-48)/(-28) - 0). Suppose -3*u - 2*j = -377, a*u - u + j = 127. Suppose -86 = -3*m + 3*w + 94, 0 = 2*m + w - u. What is the units digit of m?
1
Let x(t) = 131*t + 32. Let r be 8/84 + (-618)/(-126). What is the hundreds digit of x(r)?
6
Let t be (-22)/(-121) + (-152)/(-11) - 3. Suppose -t*y + 913 = -242. Let z = -33 + y. What is the tens digit of z?
7
What is the units digit of (-612)/1683 - (-731530)/22?
1
Let c(a) = -625*a - 1034. What is the units digit of c(-9)?
1
Let m(x) = -958*x - 360. What is the thousands digit of m(-9)?
8
Let p(o) be the second derivative of o**4/12 - 42*o**2 + 14*o + 3. What is the tens digit of p(28)?
0
Suppose 63154 = 5*r - 7018 - 53138. What is the hundreds digit of r?
6
Let l = 2592 + 1663. What is the thousands digit of l?
4
Let s(v) = 6*v**2 + 27*v + 1435. What is the tens digit of s(-43)?
6
Let c = -506 + 7454. What is the hundreds digit of c?
9
Suppose -173 = 4*d - 41. What is the tens digit of 8/(-32) - d/(-12) - -32?
2
Let r be 8/(32/(-6)) - 133/(-2). Let a be 6/((-36)/6)*r. Let d = a - -276. What is the hundreds digit of d?
2
Let q be (-3 + (-565)/10)*20/(-2). Suppose 5*m = 2*m - 6. What is the tens d